s digit of 274?
4
What is the units digit of 6945?
5
What is the tens digit of 7392?
9
What is the units digit of 1145?
5
What is the units digit of 227?
7
What is the thousands digit of 8741?
8
What is the hundreds digit of 557?
5
What is the hundreds digit of 2186?
1
What is the units digit of 321?
1
What is the tens digit of 1070?
7
What is the units digit of 14702?
2
What is the ten thousands digit of 21056?
2
What is the thousands digit of 30671?
0
What is the hundreds digit of 107352?
3
What is the thousands digit of 21880?
1
What is the tens digit of 12572?
7
What is the hundreds digit of 2784?
7
What is the units digit of 19577?
7
What is the tens digit of 1011?
1
What is the tens digit of 847?
4
What is the hundreds digit of 6330?
3
What is the units digit of 1079?
9
What is the tens digit of 14738?
3
What is the tens digit of 425?
2
What is the tens digit of 1788?
8
What is the tens digit of 2012?
1
What is the tens digit of 2060?
6
What is the units digit of 1300?
0
What is the tens digit of 910?
1
What is the tens digit of 212?
1
What is the thousands digit of 1897?
1
What is the thousands digit of 23678?
3
What is the units digit of 5876?
6
What is the thousands digit of 84409?
4
What is the hundreds digit of 612?
6
What is the tens digit of 1083?
8
What is the units digit of 38956?
6
What is the units digit of 12395?
5
What is the units digit of 1211?
1
What is the hundreds digit of 1609?
6
What is the tens digit of 32225?
2
What is the units digit of 7131?
1
What is the tens digit of 1008?
0
What is the hundreds digit of 16212?
2
What is the units digit of 1817?
7
What is the units digit of 13282?
2
What is the ten thousands digit of 34143?
3
What is the ten thousands digit of 28507?
2
What is the thousands digit of 2903?
2
What is the thousands digit of 41355?
1
What is the tens digit of 67315?
1
What is the thousands digit of 2374?
2
What is the tens digit of 172888?
8
What is the units digit of 578?
8
What is the tens digit of 1504?
0
What is the tens digit of 26185?
8
What is the tens digit of 68579?
7
What is the thousands digit of 46928?
6
What is the hundreds digit of 1280?
2
What is the ten thousands digit of 15424?
1
What is the units digit of 405?
5
What is the hundred thousands digit of 133754?
1
What is the hundreds digit of 2864?
8
What is the units digit of 9151?
1
What is the ten thousands digit of 20323?
2
What is the tens digit of 304?
0
What is the ten thousands digit of 92453?
9
What is the thousands digit of 8028?
8
What is the tens digit of 430?
3
What is the hundreds digit of 13956?
9
What is the units digit of 9931?
1
What is the tens digit of 17805?
0
What is the units digit of 1411?
1
What is the hundreds digit of 536?
5
What is the tens digit of 7666?
6
What is the units digit of 340?
0
What is the units digit of 118?
8
What is the units digit of 5857?
7
What is the ten thousands digit of 120390?
2
What is the hundreds digit of 689?
6
What is the hundreds digit of 11630?
6
What is the thousands digit of 45918?
5
What is the thousands digit of 25457?
5
What is the hundreds digit of 1482?
4
What is the thousands digit of 78017?
8
What is the units digit of 461?
1
What is the units digit of 4421?
1
What is the hundreds digit of 17750?
7
What is the ten thousands digit of 11171?
1
What is the units digit of 613?
3
What is the units digit of 19403?
3
What is the hundreds digit of 488?
4
What is the hundreds digit of 1131?
1
What is the units digit of 9848?
8
What is the tens digit of 18?
1
What is the units digit of 1241?
1
What is the hundreds digit of 3689?
6
What is the tens digit of 1332?
3
What is the tens digit of 12142?
4
What is the thousands digit of 7729?
7
What is the ten thousands digit of 49326?
4
What is the units digit of 1677?
7
What is the ten thousands digit of 25858?
2
What is the units digit of 1283?
3
What is the tens digit of 756?
5
What is the thousands digit of 50504?
0
What is the tens digit of 95621?
2
What is the hundreds digit of 589?
5
What is the ten thousands digit of 57242?
5
What is the units digit of 4060?
0
What is the hundreds digit of 12401?
4
What is the thousands digit of 20555?
0
What is the tens digit of 63088?
8
What is the units digit of 57670?
0
What is the hundreds digit of 6593?
5
What is the units digit of 81251?
1
What is the units digit of 45082?
2
What is the tens digit of 5828?
2
What is the hundreds digit of 5707?
7
What is the units digit of 9?
9
What is the units digit of 671?
1
What is the thousands digit of 12991?
2
What is the hundreds digit of 1162?
1
What is the thousands digit of 9673?
9
What is the units digit of 2351?
1
What is the tens digit of 167?
6
What is the thousands digit of 3272?
3
What is the ten thousands digit of 15492?
1
What is the units digit of 28421?
1
What is the hundreds digit of 4474?
4
What is the hundreds digit of 3955?
9
What is the ten thousands digit of 63289?
6
What is the tens digit of 45228?
2
What is the units digit of 429?
9
What is the units digit of 91355?
5
What is the units digit of 80295?
5
What is the thousands digit of 6256?
6
What is the units digit of 460?
0
What is the units digit of 80?
0
What is the hundreds digit of 6167?
1
What is the hundreds digit of 46940?
9
What is the units digit of 749?
9
What is the units digit of 4138?
8
What is the tens digit of 22751?
5
What is the units digit of 29583?
3
What is the units digit of 26188?
8
What is the units digit of 175?
5
What is the thousands digit of 5350?
5
What is the ten thousands digit of 15284?
1
What is the units digit of 5082?
2
What is the tens digit of 15496?
9
What is the units digit of 41093?
3
What is the hundreds digit of 2785?
7
What is the units digit of 101767?
7
What is the tens digit of 323?
2
What is the units digit of 99531?
1
What is the units digit of 5325?
5
What is the units digit of 120356?
6
What is the thousands digit of 1210?
1
What is the hundreds digit of 1373?
3
What is the hundreds digit of 913?
9
What is the units digit of 3623?
3
What is the ten thousands digit of 17143?
1
What is the ten thousands digit of 87864?
8
What is the tens digit of 15648?
4
What is the hundreds digit of 7629?
6
What is the thousands digit of 32604?
2
What is the thousands digit of 10966?
0
What is the tens digit of 13?
1
What is the units digit of 505?
5
What is the thousands digit of 1894?
1
What is the thousands digit of 8744?
8
What is the units digit of 3071?
1
What is the units digit of 135393?
3
What is the tens digit of 60?
6
What is the thousands digit of 3087?
3
What is the units digit of 79?
9
What is the units digit of 6129?
9
What is the thousands digit of 28335?
8
What is the tens digit of 180?
8
What is the ten thousands digit of 35060?
3
What is the hundreds digit of 811?
8
What is the hundreds digit of 18894?
8
What is the units digit of 7169?
9
What is the hundreds digit of 5846?
8
What is the thousands digit of 1346?
1
What is the units digit of 27497?
7
What is the tens digit of 967?
6
What is the units digit of 2664?
4
What is the thousands digit of 1521?
1
What is the hundreds digit of 2880?
8
What is the hundreds digit of 1338?
3
What is the thousands digit of 23138?
3
What is the tens digit of 2744?
4
What is the hundreds digit of 28835?
8
What is the tens digit of 1585?
8
What is the tens digit of 529?
2
What is the tens digit of 721?
2
What is the hundred thousands digit of 172680?
1
What is the thousands digit of 19617?
9
What is the hundreds digit of 36217?
2
What is the units digit of 4743?
3
What is the thousands digit of 61010?
1
What is the units digit of 4883?
3
What is the units digit of 3465?
5
What is the hundreds digit of 1306?
3
What is the units digit of 556?
6
What is the hundreds digit of 94083?
0
What is the hundreds digit of 1017?
0
What is the tens digit of 1182?
8
What is the units digit of 1786?
6
What is the thousands digit of 1524?
1
What is the thousands digit of 1365?
1
What is the tens digit of 1760?
6
What is the thousands digit of 15220?
5
What is the units digit of 535?
5
What is the hundreds digit of 3795?
7
What is the thousands digit of 7173?
7
What is the tens digit of 100?
0
What is the units digit of 8435?
5
What is the hundreds digit of 2119?
1
What is the ten thousands digit of 3108